 t and o.
3
Suppose -3 = -b + 4. Suppose b = t - 0*t. Let p(a) = 3*a**2 + 1. Let h be p(-3). What is the greatest common divisor of h and t?
7
Let t = -131 + 187. Let x = t + -36. What is the greatest common factor of 10 and x?
10
Suppose 0 = -0*j + 4*j - 280. Let a = j - -95. Suppose 3*l = 2*l + a. What is the highest common divisor of 15 and l?
15
Let f(j) = -6*j + 4 + 4 - 16*j. Let d be f(-7). What is the highest common factor of 18 and d?
18
Suppose 0 = 4*u - 72 + 12. Calculate the greatest common factor of 6 and u.
3
Let i = 156 + -117. Calculate the highest common factor of i and 468.
39
Let h be 1 + 0/(1 - 3). Let t(m) = -3 + 7 - 3*m - h + 12*m - m**2. Let v be t(9). What is the greatest common factor of 24 and v?
3
Let d(g) = -g**2 - 3*g + 5. Let h be d(-4). Let v be 58/h + -1 + -1. Let i = 50 - 36. Calculate the greatest common divisor of v and i.
14
Let i = 57 + -50. What is the greatest common divisor of i and 77?
7
Suppose -4*b - 29 = -t - 9*b, 2*t = -5*b + 33. Suppose w + t*h - 14 = 0, 0 = -0*w - 5*w + 4*h + 46. Calculate the highest common divisor of w and 20.
10
Let a be (-92)/(-3)*(-9)/(-6). Let o be a - -2*2/(-4). What is the greatest common factor of o and 15?
15
Let r(j) = 5*j + 11. Let p be r(5). Let f = -6 + 15. Calculate the greatest common divisor of f and p.
9
Suppose -c + 2 = 0, 99 = 4*v + v - 3*c. Suppose -99*r + 101*r = 378. What is the greatest common factor of r and v?
21
Suppose -4*x + 3*x = -5. Suppose x*r + 0*t - 9 = -4*t, 0 = r + 5*t - 6. What is the highest common factor of r and 2?
1
Let o(j) = j**3 + 7*j**2 + 6*j - 2. Let d be o(-5). Suppose -4*l + d = -14. What is the highest common factor of l and 56?
8
Let l = 484 + -253. What is the greatest common factor of l and 21?
21
Let n be (-72)/(-27)*3*2. Suppose -2*w - 5*q = 2, -2*q - 4 - 8 = -2*w. Calculate the greatest common factor of n and w.
4
Let q be (-12)/9*81/(-6). Calculate the greatest common factor of 3 and q.
3
Let t(y) = -3*y - 4. Let k = -6 + 8. Suppose 0 = -3*a + k*a - 6. Let o be t(a). What is the highest common divisor of 42 and o?
14
Let g be (-560)/(-72) - 2/(-9). Calculate the greatest common divisor of 40 and g.
8
Let b = 4 + 28. What is the highest common divisor of b and 8?
8
Let h be ((-12)/(-30))/((-1)/(-15)). Let g(m) = -2*m**2 + 7*m. Let p be g(h). Let n be 2/4*0 - p. Calculate the greatest common factor of 20 and n.
10
Let k = 204 - 22. Suppose 2*u + 5*p + 260 = 5*u, -2*u - p + k = 0. Calculate the greatest common divisor of 9 and u.
9
Let x be (10 + (-2)/(-2))*1. Suppose -x = -y + 4. Calculate the highest common divisor of 6 and y.
3
Let g = 25 - 15. Suppose 0 = -0*o + 2*o + 4. Let q = 4 + o. Calculate the greatest common divisor of g and q.
2
Let u(d) = 6*d - 9. Let q be u(4). Calculate the greatest common factor of 30 and q.
15
Let d = 11 + -2. Suppose 2*y - d = 31. What is the highest common divisor of y and 50?
10
Let k(c) = -c - 2. Let f be k(-3). Let o be (-524)/(-16) + f/4. What is the greatest common divisor of o and 22?
11
Let h = 6 + -4. Suppose h*z = 5*z - m - 17, 1 = -z - 3*m. Calculate the greatest common factor of 15 and z.
5
Let q = 154 + -74. What is the greatest common divisor of 40 and q?
40
Suppose 15 = -5*i, 5*t - 2*i = -0*t + 81. Calculate the greatest common factor of t and 105.
15
Let b = 1 + 1. Suppose -3*l - 6 = 2*o + b*l, 26 = 2*o - 3*l. Calculate the highest common divisor of o and 49.
7
Suppose 0 = q - 10 - 5. What is the highest common divisor of 10 and q?
5
Suppose 5*o + 4*s + 10 = 0, o + 2*s = 6*o - 20. Let b be (-4 - (-2 + o))/(-1). Suppose b*q - q - 105 = 0. Calculate the highest common factor of q and 7.
7
Suppose 0 = -3*x + 13 - 4. What is the greatest common divisor of 1 and x?
1
Let w be 79/11 + 4/(-22). Let r(a) = -a**2 + 8*a + 9. Let l be r(w). Calculate the greatest common divisor of l and 2.
2
Let k be 18/12*2/1. Suppose 0*l = -2*v + l + 25, k*v = -5*l + 18. Suppose 4*t + 0*t = 308. Calculate the highest common factor of t and v.
11
Let a be 4/10 + (-26)/(-10). Let l be (2 - a) + 3/1. Suppose -l*f = 2*z + 4 - 50, f - 48 = 4*z. What is the greatest common divisor of 42 and f?
14
Suppose -l + 3*s + 43 = -0*l, 5*l = -4*s + 253. What is the highest common factor of 7 and l?
7
Let u(x) = x**3 + 7*x**2 + 5*x - 2. Let h be u(-6). Suppose 0 = h*l - 101 - 171. What is the highest common divisor of 17 and l?
17
Let p be 15/12 + (-1)/4. Suppose 2*i - 23 + 5 = 0. Calculate the highest common divisor of i and p.
1
Suppose -16 = -4*y, -3*y - 14 - 30 = -2*o. Suppose 2*z + 8*j = 3*j + 428, 5*z + 4*j = 1104. What is the greatest common divisor of z and o?
28
Suppose -5*y + i - 1 = -2*i, -3*y + 2*i - 1 = 0. Let h = 78 - y. Calculate the greatest common divisor of h and 7.
7
Let o(a) = -3*a + 1. Let j be o(-15). Suppose 2*t - j = t. What is the highest common factor of t and 69?
23
Suppose 75 = 3*b - n + 26, -5*b + 3*n + 87 = 0. Suppose -2*m = -i + 122, 2*i + i + 2*m - 358 = 0. Calculate the greatest common divisor of i and b.
15
Let r(z) = 2*z - 4. Let s be r(4). Suppose 3*d - 7*d = 5*g - 86, -s*d + g = -98. What is the highest common divisor of d and 120?
24
Let m = 781 + -429. What is the greatest common factor of m and 11?
11
Let i(r) = -r**3 - 2*r**2 - 3*r - 4. Let c be i(-4). Let v be c/3 + 2/(-6). What is the greatest common factor of 143 and v?
13
Let l = 32 - -33. What is the greatest common divisor of l and 13?
13
Let h(n) = -2 + n**3 + 8*n - 8*n - 4*n**2. Let w be h(5). What is the greatest common divisor of w and 23?
23
Let c be (-2)/(-8) + (-66)/(-24). What is the highest common factor of 6 and c?
3
Let u(h) = h**2 - h. Let z be u(-2). Let y(w) = 3*w**2 - 9*w + 9. Let x be y(z). Calculate the greatest common factor of 42 and x.
21
Suppose 138 = 4*t - 3*t. Let i = t - 72. Let y(m) = -m**2 + 6*m - 2. Let c be y(4). Calculate the greatest common divisor of c and i.
6
Suppose 3*w + 0 = 2*x - 7, 2 = -2*w + 4*x. Let q be 2*w/(-12)*4. What is the greatest common divisor of 2 and q?
2
Let j be (-23 - -20) + 1*6. Let w be (4 - j)/((-2)/(-4)). Calculate the greatest common divisor of w and 14.
2
Let c(l) = l**2 + 5*l - 44. Let j be c(-12). Calculate the greatest common divisor of j and 10.
10
Let h = 15 + -7. Let s be (-8)/(-20) + 318/5. Calculate the highest common divisor of s and h.
8
Let d(b) = -21*b + 1. Suppose -2*f - 4*p = 25 - 5, 2*f + 3*p + 17 = 0. Let r be d(f). Calculate the greatest common divisor of r and 34.
17
Let c be 6/(-3) - -4 - -6. Calculate the highest common factor of 40 and c.
8
Suppose 3*g + m - 3*m = 320, -g = 2*m - 104. Suppose 2*r + 5*b = 122, 2*r = 3*b - 0*b + g. What is the greatest common divisor of r and 14?
14
Suppose -5*a - 18 = -2*a. Let b be (2/a)/((-1)/33). What is the greatest common divisor of b and 1?
1
Suppose -2*r - 19 = -a - 3*r, -4*a + 3*r = -48. Suppose -5*g + 6 = -9. Suppose -a - g = -l. What is the greatest common factor of l and 9?
9
Let c = 57 - 29. Calculate the greatest common divisor of c and 196.
28
Suppose -5*x = -3*x + 2*j - 588, -2*x - j = -591. Calculate the highest common divisor of 27 and x.
27
Suppose 2*a = 5 + 1. Suppose 4 = 3*o + a*z + 1, -z + 6 = 2*o. Let h(m) = -m**2 + 7*m - 2. Let i be h(o). Calculate the highest common factor of 12 and i.
4
Suppose 6*p + 32*p = 342. Let b(f) = -f**3 + 5*f**2 - 2*f - 3. Let c be b(3). What is the highest common divisor of c and p?
9
Let l(w) = w**2 + 8*w - 10. Let i be l(-10). Let b(d) = -d**2 + 11*d + 6. Let v be b(i). Calculate the highest common divisor of 64 and v.
16
Suppose -20 = m + 4*m. Suppose 0 = 5*z - t - 470, 0 = 2*t - 4*t. Let h = z + m. What is the highest common divisor of h and 10?
10
Suppose -k = 60 + 89. Let n = -7 - k. Suppose -635 = -5*c + 5*b, -c - 2*b = -0*c - n. What is the highest common divisor of 12 and c?
12
Let f(i) = -i**3 - 7*i**2 - 12*i - 7. Let v be f(-5). Suppose k + v = -w + 19, -2*w = -5*k - 46. What is the highest common factor of 6 and w?
6
Let o(u) = -u - 3. Let w be o(-17). Calculate the greatest common factor of 21 and w.
7
Suppose -5*i + 16 = -i. Suppose -3*m + 11 + 1 = 0. Suppose -m*c = 5*g - 181, -5*c = g - 153 - 68. What is the highest common divisor of i and c?
4
Suppose c = 3*g - c - 50, 0 = -2*g + 3*c + 30. Let u = -313 - -439. Calculate the highest common divi